{"id":21,"date":"2017-06-23T12:49:56","date_gmt":"2017-06-23T12:49:56","guid":{"rendered":"http:\/\/www.lmp.uni-saarland.de\/?page_id=21"},"modified":"2023-12-08T08:24:02","modified_gmt":"2023-12-08T08:24:02","slug":"contact","status":"publish","type":"page","link":"https:\/\/www.lmp.uni-saarland.de\/index.php\/contact\/","title":{"rendered":"Contact"},"content":{"rendered":"<h3>Sylvia Monzon<\/h3>\n<p><img decoding=\"async\" class=\"alignleft size-full wp-image-2420\" src=\"https:\/\/www.lmp.uni-saarland.de\/wp-content\/uploads\/2022\/10\/SylviaMonzon.jpg\" alt=\"\" width=\"150\" \/>Universit\u00e4t des Saarlandes<br \/>\nLehrstuhl f\u00fcr Materialsimulation, Secretary<br \/>\nCampus C 6.3, Zi. 2.04<br \/>\nSaarbr\u00fccken D-66123<br \/>\nTel: +49 681 302 57453<br \/>\nE-Mail: lms-sekretariat(at)uni-saarland.de<\/p>\n<h3>Prof. Dr. Martin M\u00fcser<\/h3>\n<p><img loading=\"lazy\" decoding=\"async\" class=\"alignleft wp-image-95 size-thumbnail\" src=\"https:\/\/www.lmp.uni-saarland.de\/wp-content\/uploads\/2017\/07\/ProfMueser1-150x150.jpg\" alt=\"\" width=\"150\" height=\"150\" \/>Universit\u00e4t des Saarlandes<br \/>\nLehrstuhl f\u00fcr Materialsimulation<br \/>\nCampus C 6.3, Zi. 2.02<br \/>\nSaarbr\u00fccken D-66123<br \/>\nTel: +49 681 302 57452<br \/>\nE-Mail: martin.mueser(at)mx.uni-saarland.de<\/p>\n<h3>How to find C6.3<\/h3>\n<p><a href=\"https:\/\/www.uni-saarland.de\/fileadmin\/upload\/footer\/lageplan\/saarbruecken_klickbar.pdf\" target=\"_blank\" rel=\"noopener\">campus map<\/a><\/p>\n<p><strong>Verantwortlich f\u00fcr die Inhalte dieses Webangebots:<\/strong><\/p>\n<p>Prof. Dr. Martin M\u00fcser<span class=\"Apple-converted-space\">\u00a0<\/span><br \/>\nCampus C6 3, Raum 2.02<br \/>\n66123 Saarbr\u00fccken<\/p>\n<p>Tel.: +49 681 302-57452<br \/>\nmartin.mueser(at)mx.uni-saarland.de<\/p>\n<p>Anbieter dieses Internetangebots ist der Lehrstuhl Materialsimulation der Universit\u00e4t des Saarlandes vertreten durch Prof. Dr. Martin M\u00fcser<\/p>\n<p>&nbsp;<\/p>\n","protected":false},"excerpt":{"rendered":"<p>Sylvia Monzon Universit\u00e4t des Saarlandes Lehrstuhl f\u00fcr Materialsimulation, Secretary Campus C 6.3, Zi. 2.04 Saarbr\u00fccken D-66123 Tel: +49 681 302 57453 E-Mail: lms-sekretariat(at)uni-saarland.de Prof. Dr. Martin M\u00fcser Universit\u00e4t des Saarlandes Lehrstuhl f\u00fcr Materialsimulation Campus C 6.3, Zi. 2.02 Saarbr\u00fccken D-66123 Tel: +49 681 302 57452 E-Mail: martin.mueser(at)mx.uni-saarland.de How to find C6.3 campus map Verantwortlich f\u00fcr &hellip; <a href=\"https:\/\/www.lmp.uni-saarland.de\/index.php\/contact\/\" class=\"more-link\">Continue reading <span class=\"screen-reader-text\">Contact<\/span><\/a><\/p>\n","protected":false},"author":1,"featured_media":0,"parent":0,"menu_order":0,"comment_status":"closed","ping_status":"closed","template":"","meta":{"footnotes":""},"class_list":["post-21","page","type-page","status-publish","hentry"],"_links":{"self":[{"href":"https:\/\/www.lmp.uni-saarland.de\/index.php\/wp-json\/wp\/v2\/pages\/21","targetHints":{"allow":["GET"]}}],"collection":[{"href":"https:\/\/www.lmp.uni-saarland.de\/index.php\/wp-json\/wp\/v2\/pages"}],"about":[{"href":"https:\/\/www.lmp.uni-saarland.de\/index.php\/wp-json\/wp\/v2\/types\/page"}],"author":[{"embeddable":true,"href":"https:\/\/www.lmp.uni-saarland.de\/index.php\/wp-json\/wp\/v2\/users\/1"}],"replies":[{"embeddable":true,"href":"https:\/\/www.lmp.uni-saarland.de\/index.php\/wp-json\/wp\/v2\/comments?post=21"}],"version-history":[{"count":19,"href":"https:\/\/www.lmp.uni-saarland.de\/index.php\/wp-json\/wp\/v2\/pages\/21\/revisions"}],"predecessor-version":[{"id":2560,"href":"https:\/\/www.lmp.uni-saarland.de\/index.php\/wp-json\/wp\/v2\/pages\/21\/revisions\/2560"}],"wp:attachment":[{"href":"https:\/\/www.lmp.uni-saarland.de\/index.php\/wp-json\/wp\/v2\/media?parent=21"}],"curies":[{"name":"wp","href":"https:\/\/api.w.org\/{rel}","templated":true}]}}